{"id":1484,"date":"2021-07-13T13:51:00","date_gmt":"2021-07-13T12:51:00","guid":{"rendered":"https:\/\/www.proxi-sante.org\/molsheim\/?page_id=1484"},"modified":"2021-07-13T14:23:40","modified_gmt":"2021-07-13T13:23:40","slug":"igma","status":"publish","type":"page","link":"https:\/\/www.proxi-sante.org\/molsheim\/igma\/","title":{"rendered":"IGMA"},"content":{"rendered":"<p>[et_pb_section fb_built=\u00a0\u00bb1&Prime; _builder_version=\u00a0\u00bb4.9.7&Prime; _module_preset=\u00a0\u00bbdefault\u00a0\u00bb][et_pb_row _builder_version=\u00a0\u00bb4.9.7&Prime; _module_preset=\u00a0\u00bbdefault\u00a0\u00bb][et_pb_column type=\u00a0\u00bb4_4&Prime; _builder_version=\u00a0\u00bb4.9.7&Prime; _module_preset=\u00a0\u00bbdefault\u00a0\u00bb][et_pb_post_title meta=\u00a0\u00bboff\u00a0\u00bb _builder_version=\u00a0\u00bb4.9.7&Prime; _module_preset=\u00a0\u00bbdefault\u00a0\u00bb][\/et_pb_post_title][et_pb_image src=\u00a0\u00bbhttps:\/\/www.proxi-sante.org\/molsheim\/wp-content\/uploads\/200131_012-2.jpg\u00a0\u00bb title_text=\u00a0\u00bb200131_012-2&Prime; admin_label=\u00a0\u00bbImage\u00a0\u00bb _builder_version=\u00a0\u00bb4.9.7&Prime; _module_preset=\u00a0\u00bbdefault\u00a0\u00bb hover_enabled=\u00a0\u00bb0&Prime; sticky_enabled=\u00a0\u00bb0&Prime;][\/et_pb_image][et_pb_text _builder_version=\u00a0\u00bb4.9.7&Prime; _module_preset=\u00a0\u00bbdefault\u00a0\u00bb]<\/p>\n<h1><b>INSTITUT DE GENETIQUE MEDICALE D\u2019ALSACE<span class=\"Apple-converted-space\">\u00a0<\/span><\/b><\/h1>\n<p>L\u2019<b>IGMA<\/b> regroupe sur un m\u00eame site du campus Hospitalo-Universitaires Strasbourgeois les services de G\u00e9n\u00e9tique M\u00e9dicale du CHU et les centres de r\u00e9f\u00e9rence cliniques qui lui sont rattach\u00e9s au sein d \u2018un b\u00e2timent universitaire d\u00e9di\u00e9 \u00e0 la recherche biom\u00e9dicale notamment le laboratoire de recherche mixte universit\u00e9 et INSERM d\u00e9di\u00e9 aux maladies rares g\u00e9n\u00e9tiques.<span class=\"Apple-converted-space\">\u00a0<\/span><\/p>\n<p><b>\u2022 Le Centre de r\u00e9f\u00e9rence pour les Affections Rares en G\u00e9n\u00e9tique Ophtalmologique <\/b>&#8211; <b>CARGO<\/b>, Membre de la Fili\u00e8re de Sant\u00e9 Maladies rares SENSGENE (www.sensgene.com)<span class=\"Apple-converted-space\">\u00a0<\/span><b>ERN-EYE<\/b> (www.ern-eye.eu\/fr\/reseau) ;<\/p>\n<p><b>\u2022 Le Centre de R\u00e9f\u00e9rence Maladies Rares des Anomalies du D\u00e9veloppement<\/b>, Membre de la Fili\u00e8re de sant\u00e9 maladies rares AnDDI-Rares (anddi-rares.org) ;<\/p>\n<p><b>\u2022 Le Centre de R\u00e9f\u00e9rence Maladies Rares des d\u00e9ficiences intellectuelles de cause rare,<\/b> Membre de la Fili\u00e8re de Sant\u00e9 D\u00e9fiScience (www.defiscience.fr\/site). <span class=\"Apple-converted-space\">\u00a0<\/span><\/p>\n<p>Il s\u2019agit d\u2019une opportunit\u00e9 unique de proximit\u00e9 entre les activit\u00e9s sp\u00e9cialis\u00e9es autours de maladies g\u00e9n\u00e9tiques et la recherche scientifique et clinique destin\u00e9e \u00e0 mieux les comprendre et mieux les soigner. Les activit\u00e9s pour les malades et leurs familles sont destin\u00e9es assurer une prise en charge holistique globale du malade et sa famille :<\/p>\n<ul>\n<li>consultations m\u00e9dicale de g\u00e9n\u00e9tique (tous \u00e2ges) ;<\/li>\n<li>consultations de g\u00e9n\u00e9tique ophtalmologique avec un plateau technique d\u00e9di\u00e9 ; consultations de g\u00e9n\u00e9tique dans le cadre du diagnostic pr\u00e9natal et DP ;<\/li>\n<li>prise en charge du diagnostic g\u00e9n\u00e9tique de la prise de sang au rendu de r\u00e9sultat ;<\/li>\n<li>conseil g\u00e9n\u00e9tique ;<\/li>\n<li>assistance psychologique et sociale ;<\/li>\n<li>bilan de d\u00e9ficit visuel et prise en charge ;<\/li>\n<li>recherche clinique et essais cliniques ;<\/li>\n<li>accueil des associations.<\/li>\n<\/ul>\n<p>&nbsp;<\/p>\n<p><b>IGMA<\/b><\/p>\n<p><span class=\"Apple-converted-space\">\u00a0\u00a0 \u00a0 <\/span>1 rue Eug\u00e8ne Boeckel &#8211;<span class=\"Apple-converted-space\">\u00a0 <\/span>67000 Strasbourg<\/p>\n<p><span class=\"Apple-converted-space\">\u00a0 \u00a0 \u00a0 <\/span>03 69 55 19 55<\/p>\n<p><b><span class=\"Apple-converted-space\">\u00a0\u00a0 \u00a0 <\/span>cargo@chru-strasbourg.fr<span class=\"Apple-converted-space\">\u00a0<\/span><\/b><\/p>\n<p><b><span class=\"Apple-converted-space\">\u00a0\u00a0 \u00a0 <\/span>genmed@chru-strasbourg.fr<\/b><\/p>\n<p>[\/et_pb_text][\/et_pb_column][\/et_pb_row][\/et_pb_section]<\/p>\n","protected":false},"excerpt":{"rendered":"<p>INSTITUT DE GENETIQUE MEDICALE D\u2019ALSACE\u00a0 L\u2019IGMA regroupe sur un m\u00eame site du campus Hospitalo-Universitaires Strasbourgeois les services de G\u00e9n\u00e9tique M\u00e9dicale du CHU et les centres de r\u00e9f\u00e9rence cliniques qui lui sont rattach\u00e9s au sein d \u2018un b\u00e2timent universitaire d\u00e9di\u00e9 \u00e0 la recherche biom\u00e9dicale notamment le laboratoire de recherche mixte universit\u00e9 et INSERM d\u00e9di\u00e9 aux maladies [&hellip;]<\/p>\n","protected":false},"author":1,"featured_media":0,"parent":0,"menu_order":0,"comment_status":"closed","ping_status":"closed","template":"","meta":{"_et_pb_use_builder":"on","_et_pb_old_content":"","_et_gb_content_width":"","footnotes":""},"class_list":["post-1484","page","type-page","status-publish","hentry"],"_links":{"self":[{"href":"https:\/\/www.proxi-sante.org\/molsheim\/wp-json\/wp\/v2\/pages\/1484","targetHints":{"allow":["GET"]}}],"collection":[{"href":"https:\/\/www.proxi-sante.org\/molsheim\/wp-json\/wp\/v2\/pages"}],"about":[{"href":"https:\/\/www.proxi-sante.org\/molsheim\/wp-json\/wp\/v2\/types\/page"}],"author":[{"embeddable":true,"href":"https:\/\/www.proxi-sante.org\/molsheim\/wp-json\/wp\/v2\/users\/1"}],"replies":[{"embeddable":true,"href":"https:\/\/www.proxi-sante.org\/molsheim\/wp-json\/wp\/v2\/comments?post=1484"}],"version-history":[{"count":0,"href":"https:\/\/www.proxi-sante.org\/molsheim\/wp-json\/wp\/v2\/pages\/1484\/revisions"}],"wp:attachment":[{"href":"https:\/\/www.proxi-sante.org\/molsheim\/wp-json\/wp\/v2\/media?parent=1484"}],"curies":[{"name":"wp","href":"https:\/\/api.w.org\/{rel}","templated":true}]}}

<p>[et_pb_section fb_built= »1&Prime; _builder_version= »4.9.7&Prime; _module_preset= »default »][et_pb_row _builder_version= »4.9.7&Prime; _module_preset= »default »][et_pb_column type= »4_4&Prime; _builder_version= »4.9.7&Prime; _module_preset= »default »][et_pb_post_title meta= »off » _builder_version= »4.9.7&Prime; _module_preset= »default »][/et_pb_post_title][et_pb_image src= »https://www.proxi-sante.org/molsheim/wp-content/uploads/200131_012-2.jpg » title_text= »200131_012-2&Prime; admin_label= »Image » _builder_version= »4.9.7&Prime; _module_preset= »default » hover_enabled= »0&Prime; sticky_enabled= »0&Prime;][/et_pb_image][et_pb_text _builder_version= »4.9.7&Prime; _module_preset= »default »]</p>
<h1><b>INSTITUT DE GENETIQUE MEDICALE D’ALSACE<span class="Apple-converted-space"> </span></b></h1>
<p>L’<b>IGMA</b> regroupe sur un même site du campus Hospitalo-Universitaires Strasbourgeois les services de Génétique Médicale du CHU et les centres de référence cliniques qui lui sont rattachés au sein d ‘un bâtiment universitaire dédié à la recherche biomédicale notamment le laboratoire de recherche mixte université et INSERM dédié aux maladies rares génétiques.<span class="Apple-converted-space"> </span></p>
<p><b>• Le Centre de référence pour les Affections Rares en Génétique Ophtalmologique </b>&#8211; <b>CARGO</b>, Membre de la Filière de Santé Maladies rares SENSGENE (www.sensgene.com)<span class="Apple-converted-space"> </span><b>ERN-EYE</b> (www.ern-eye.eu/fr/reseau) ;</p>
<p><b>• Le Centre de Référence Maladies Rares des Anomalies du Développement</b>, Membre de la Filière de santé maladies rares AnDDI-Rares (anddi-rares.org) ;</p>
<p><b>• Le Centre de Référence Maladies Rares des déficiences intellectuelles de cause rare,</b> Membre de la Filière de Santé DéfiScience (www.defiscience.fr/site). <span class="Apple-converted-space"> </span></p>
<p>Il s’agit d’une opportunité unique de proximité entre les activités spécialisées autours de maladies génétiques et la recherche scientifique et clinique destinée à mieux les comprendre et mieux les soigner. Les activités pour les malades et leurs familles sont destinées assurer une prise en charge holistique globale du malade et sa famille :</p>
<ul>
<li>consultations médicale de génétique (tous âges) ;</li>
<li>consultations de génétique ophtalmologique avec un plateau technique dédié ; consultations de génétique dans le cadre du diagnostic prénatal et DP ;</li>
<li>prise en charge du diagnostic génétique de la prise de sang au rendu de résultat ;</li>
<li>conseil génétique ;</li>
<li>assistance psychologique et sociale ;</li>
<li>bilan de déficit visuel et prise en charge ;</li>
<li>recherche clinique et essais cliniques ;</li>
<li>accueil des associations.</li>
</ul>
<p>&nbsp;</p>
<p><b>IGMA</b></p>
<p><span class="Apple-converted-space">     </span>1 rue Eugène Boeckel &#8211;<span class="Apple-converted-space">  </span>67000 Strasbourg</p>
<p><span class="Apple-converted-space">      </span>03 69 55 19 55</p>
<p><b><span class="Apple-converted-space">     </span>cargo@chru-strasbourg.fr<span class="Apple-converted-space"> </span></b></p>
<p><b><span class="Apple-converted-space">     </span>genmed@chru-strasbourg.fr</b></p>
<p>[/et_pb_text][/et_pb_column][/et_pb_row][/et_pb_section]</p>

<p>INSTITUT DE GENETIQUE MEDICALE D’ALSACE  L’IGMA regroupe sur un même site du campus Hospitalo-Universitaires Strasbourgeois les services de Génétique Médicale du CHU et les centres de référence cliniques qui lui sont rattachés au sein d ‘un bâtiment universitaire dédié à la recherche biomédicale notamment le laboratoire de recherche mixte université et INSERM dédié aux maladies [&hellip;]</p>
