{"id":347,"date":"2011-02-08T16:15:57","date_gmt":"2011-02-08T16:15:57","guid":{"rendered":"https:\/\/www.proxi-sante.org\/wass\/"},"modified":"2016-12-01T09:55:24","modified_gmt":"2016-12-01T08:55:24","slug":"aide-aux-familles","status":"publish","type":"page","link":"https:\/\/www.proxi-sante.org\/molsheim\/handicap\/aide-aux-familles\/","title":{"rendered":"aide aux familles aidantes"},"content":{"rendered":"<h4><b>Une aide aux familles aidantes\u00a0<\/b><\/h4>\n<p>Localement l\u2019association de parents d\u2019enfants handicap\u00e9s (APEH), a cr\u00e9\u00e9 des groupes de parole. <b>Elle milite en faveur du \u201cdroit au r\u00e9pit\u201d<\/b>, que ce soit le \u201cbesoin l\u00e9gitime qui reconna\u00eet, \u00e0 la personne en situation de handicap et \u00e0 son entourage, la possibilit\u00e9 de souffler moralement et physiquement\u201d.\u00a0 Des groupes de paroles existent\u00a0 dans notre secteur :<\/p>\n<p><b>A WASSELONNE<br \/>\n<\/b><\/p>\n<p><b>\u00e0<\/b>\u00a0l\u2019AGF &#8211; 2 Rue Romantica &#8211;\u00a067310 Wasselonne \u00a0\u00a0<span style=\"color: #3366ff;\"><b>\u27a5 03 88 87 05 59<\/b><\/span><\/p>\n<p>les 1<sup>ers<\/sup> mercredi du mois\u00a0de 20h \u00e0 22h\u00a0(hors p\u00e9riodes scolaires)<\/p>\n<p><span style=\"color: #3366ff;\">\u27a5 <\/span><b><span style=\"color: #3366ff;\">www.apeh.fr<\/span> \u00a0 \u00a0<\/b>apehalsace@gmail.com \u00a0 \u00a0<span style=\"color: #3366ff;\">\u27a5 <b> 03 88 50 09 32 \u00a0 \u00a0 \u00a0 <\/b>\u00a0<b>06 11 39 93 74<\/b><\/span><\/p>\n<hr \/>\n<h4><b>Respir\u2019Sitting<\/b><\/h4>\n<p>L\u2019APEH vous propose un service de\u00a0 baby-sitting qui s\u2019adresse aux parents d\u2019enfants en situation de handicap.<\/p>\n<p><b>\u00a0<\/b>9 rue des Capucins \u00e0 Molsheim<\/p>\n<p><span style=\"color: #3366ff;\">\u27a5 <\/span><b><span style=\"color: #3366ff;\">www.apeh.fr\u00a0<\/span> \u00a0\u00a0<\/b>apehalsace@gmail.com \u00a0 \u00a0\u00a0<span style=\"color: #3366ff;\">\u27a5 <b> 03 88 50 09 32 \u00a0 \u00a0 \u00a0\u00a0<\/b>\u00a0<b> 06 11 39 93 74<\/b><\/span><\/p>\n<hr \/>\n<h4><b>Rivage<\/b><\/h4>\n<p>Rivage est une plateforme d\u2019accompagnement et de r\u00e9pis pour les aidants familiaux qui accompagnent un proche \u00e2g\u00e9e d\u00e9pendant. Ses r\u00f4les se concentrent sur l\u2019\u00e9coute, le soutien psycho-social, le maintien de la vie sociale et l\u2019information des aidants.<\/p>\n<p>Rivage propose tous les mois, en aliernance soit un <b>Atelier de discussion pour les aidants ou une journ\u00e9e d\u2019escapade d\u2019un jour<\/b> pour les aidants.<b> <\/b>Vous aurez la possibilit\u00e9 de venir avec votre proche qui sera pris en charge par un professionnel.<\/p>\n<p><span style=\"color: #3366ff;\"><strong>Accueil de jour<\/strong><\/span> dans les locaux de la maison de retraite de Lutzelhouse. 9 rue de la Gare &#8211; <span style=\"color: #3366ff;\">Lutzelhouse \u27a5\u00a0<b>03 88 82 09 64<\/b><\/span><\/p>\n<p><span style=\"color: #3366ff;\">\u27a5 Rivage Centre\u00a0 6 route de Bergheim\u00a0<b> <\/b>All\u00e9e Alfred Kastler <b>67600 SELESTAT<\/b><b>\u00a0<\/b><\/span><\/p>\n<p><span style=\"color: #3366ff;\"><b>\u27a5 03.88.82.09.64\u00a0<\/b><b> (poste interne 2800) \u00a0 \u00a0 \u00a0 \u00a0 \u00a0<\/b>rivage@apa.asso.fr<\/span><\/p>\n<hr \/>\n<p>&nbsp;<\/p>\n","protected":false},"excerpt":{"rendered":"<p>Une aide aux familles aidantes\u00a0 Localement l\u2019association de parents d\u2019enfants handicap\u00e9s (APEH), a cr\u00e9\u00e9 des groupes de parole. Elle milite en faveur du \u201cdroit au r\u00e9pit\u201d, que ce soit le \u201cbesoin l\u00e9gitime qui reconna\u00eet, \u00e0 la personne en situation de handicap et \u00e0 son entourage, la possibilit\u00e9 de souffler moralement et physiquement\u201d.\u00a0 Des groupes de [&hellip;]<\/p>\n","protected":false},"author":1,"featured_media":0,"parent":17,"menu_order":0,"comment_status":"open","ping_status":"closed","template":"","meta":{"_et_pb_use_builder":"","_et_pb_old_content":"","_et_gb_content_width":"","footnotes":""},"class_list":["post-347","page","type-page","status-publish","hentry"],"_links":{"self":[{"href":"https:\/\/www.proxi-sante.org\/molsheim\/wp-json\/wp\/v2\/pages\/347","targetHints":{"allow":["GET"]}}],"collection":[{"href":"https:\/\/www.proxi-sante.org\/molsheim\/wp-json\/wp\/v2\/pages"}],"about":[{"href":"https:\/\/www.proxi-sante.org\/molsheim\/wp-json\/wp\/v2\/types\/page"}],"author":[{"embeddable":true,"href":"https:\/\/www.proxi-sante.org\/molsheim\/wp-json\/wp\/v2\/users\/1"}],"replies":[{"embeddable":true,"href":"https:\/\/www.proxi-sante.org\/molsheim\/wp-json\/wp\/v2\/comments?post=347"}],"version-history":[{"count":0,"href":"https:\/\/www.proxi-sante.org\/molsheim\/wp-json\/wp\/v2\/pages\/347\/revisions"}],"up":[{"embeddable":true,"href":"https:\/\/www.proxi-sante.org\/molsheim\/wp-json\/wp\/v2\/pages\/17"}],"wp:attachment":[{"href":"https:\/\/www.proxi-sante.org\/molsheim\/wp-json\/wp\/v2\/media?parent=347"}],"curies":[{"name":"wp","href":"https:\/\/api.w.org\/{rel}","templated":true}]}}

<h4><b>Une aide aux familles aidantes </b></h4>
<p>Localement l’association de parents d’enfants handicapés (APEH), a créé des groupes de parole. <b>Elle milite en faveur du “droit au répit”</b>, que ce soit le “besoin légitime qui reconnaît, à la personne en situation de handicap et à son entourage, la possibilité de souffler moralement et physiquement”.  Des groupes de paroles existent  dans notre secteur :</p>
<p><b>A WASSELONNE<br />
</b></p>
<p><b>à</b> l’AGF &#8211; 2 Rue Romantica &#8211; 67310 Wasselonne   <span style="color: #3366ff;"><b>➥ 03 88 87 05 59</b></span></p>
<p>les 1<sup>ers</sup> mercredi du mois de 20h à 22h (hors périodes scolaires)</p>
<p><span style="color: #3366ff;">➥ </span><b><span style="color: #3366ff;">www.apeh.fr</span>    </b>apehalsace@gmail.com    <span style="color: #3366ff;">➥ <b> 03 88 50 09 32       </b> <b>06 11 39 93 74</b></span></p>
<hr />
<h4><b>Respir’Sitting</b></h4>
<p>L’APEH vous propose un service de  baby-sitting qui s’adresse aux parents d’enfants en situation de handicap.</p>
<p><b> </b>9 rue des Capucins à Molsheim</p>
<p><span style="color: #3366ff;">➥ </span><b><span style="color: #3366ff;">www.apeh.fr </span>   </b>apehalsace@gmail.com     <span style="color: #3366ff;">➥ <b> 03 88 50 09 32       </b> <b> 06 11 39 93 74</b></span></p>
<hr />
<h4><b>Rivage</b></h4>
<p>Rivage est une plateforme d’accompagnement et de répis pour les aidants familiaux qui accompagnent un proche âgée dépendant. Ses rôles se concentrent sur l’écoute, le soutien psycho-social, le maintien de la vie sociale et l’information des aidants.</p>
<p>Rivage propose tous les mois, en aliernance soit un <b>Atelier de discussion pour les aidants ou une journée d’escapade d’un jour</b> pour les aidants.<b> </b>Vous aurez la possibilité de venir avec votre proche qui sera pris en charge par un professionnel.</p>
<p><span style="color: #3366ff;"><strong>Accueil de jour</strong></span> dans les locaux de la maison de retraite de Lutzelhouse. 9 rue de la Gare &#8211; <span style="color: #3366ff;">Lutzelhouse ➥ <b>03 88 82 09 64</b></span></p>
<p><span style="color: #3366ff;">➥ Rivage Centre  6 route de Bergheim <b> </b>Allée Alfred Kastler <b>67600 SELESTAT</b><b> </b></span></p>
<p><span style="color: #3366ff;"><b>➥ 03.88.82.09.64 </b><b> (poste interne 2800)          </b>rivage@apa.asso.fr</span></p>
<hr />
<p>&nbsp;</p>

<p>Une aide aux familles aidantes  Localement l’association de parents d’enfants handicapés (APEH), a créé des groupes de parole. Elle milite en faveur du “droit au répit”, que ce soit le “besoin légitime qui reconnaît, à la personne en situation de handicap et à son entourage, la possibilité de souffler moralement et physiquement”.  Des groupes de [&hellip;]</p>
