{"id":35,"date":"2010-11-25T15:51:24","date_gmt":"2010-11-25T15:51:24","guid":{"rendered":"https:\/\/www.proxi-sante.org\/wass\/?page_id=35"},"modified":"2016-11-17T16:53:50","modified_gmt":"2016-11-17T15:53:50","slug":"risques-lies-a-la-dependance","status":"publish","type":"page","link":"https:\/\/www.proxi-sante.org\/molsheim\/prevention\/risques-lies-a-la-dependance\/","title":{"rendered":"risques li\u00e9s \u00e0 la d\u00e9pendance"},"content":{"rendered":"<h1><a href=\"https:\/\/www.proxi-sante.org\/wass\/wp-content\/uploads\/2010\/11\/ph1322-086net.jpg\"><img loading=\"lazy\" decoding=\"async\" class=\"size-medium wp-image-273 alignright\" style=\"margin-right: 20px;\" title=\"ph1322-086net\" src=\"https:\/\/www.proxi-sante.org\/wass\/wp-content\/uploads\/2010\/11\/ph1322-086net-199x300.jpg\" alt=\"\" width=\"159\" height=\"240\" \/><\/a><\/h1>\n<p>Le risque de d\u00e9velopper des pathologies pouvant engendrer des d\u00e9pendances augmente avec l\u2019\u00e2ge. Certaines affections peuvent \u00eatre pr\u00e9venues par des comportements favorables \u00e0 la pr\u00e9servation d\u2019une bonne sant\u00e9 : exercice physique, nutrition adapt\u00e9e, maintien du lien social&#8230; Ces th\u00e9matiques sp\u00e9cifiques sont abord\u00e9es dans le cadre d\u2019actions de pr\u00e9vention propos\u00e9s aux seniors. Les ateliers propos\u00e9s par l\u2019association Atout Age Alsace r\u00e9pondent \u00e0 cette probl\u00e9matique :<\/p>\n<p>\u2022 Pr\u00e9vention \u00e0 mettre en \u0153uvre pour optimiser sa sant\u00e9 au quotidien et pour continuer \u00e0 l\u2019entretenir ;<\/p>\n<p>\u2022 Atelier du Bien Vieillir : \u00eatre acteur de sa sant\u00e9 au travers des ateliers du bien vieillir, sensibilisation \u00e0 l\u2019alimentation, le sommeil, les m\u00e9dicaments&#8230; ;<\/p>\n<p>\u2022 Equilibre : prioritairement pour les personnes \u00e2g\u00e9es fragiles qui ont des difficult\u00e9s d\u2019\u00e9quilibre &#8211; pr\u00e9vention des chutes\u202f- travail de l\u2019\u00e9quilibre ;<\/p>\n<p>\u2022 Activit\u00e9s physiques adapt\u00e9es : prioritairement pour les personnes \u00e2g\u00e9es de 60 \u00e0 75 ans (ou retrait\u00e9s actifs) qui souhaitent reprendre ou poursuivre une activit\u00e9 physique adapt\u00e9e ;<\/p>\n<p>\u2022 Atelier de sensibilisation \u00e0 l\u2019importance de la stimulation de la m\u00e9moire dans la vie quotidienne ;<\/p>\n<p>\u2022 Les plaisirs de la table : promotion de comportements nutritionnels \u00e9quilibr\u00e9s ;<\/p>\n<p>\u2022 Habitat et s\u00e9curit\u00e9 : pr\u00e9venir les risques \u00e0 domicile et d\u2019am\u00e9nagement du logement ;<\/p>\n<p>\u2022 Favoriser l\u2019acc\u00e8s aux nouvelles technologies pour pr\u00e9server l\u2019autonomie des seniors ;<\/p>\n<p>\u2022 Bien passer le cap de la retraite ;<\/p>\n<p>\u2022 Conduite et S\u00e9curit\u00e9&#8230;<\/p>\n<blockquote><p>Il y a moyen d\u2019organiser des formations, conf\u00e9rences pr\u00e8s de chez vous !<\/p>\n<p>Contact : \u00a0<strong>Association Atout Age Alsace<\/strong>\u00a0 9 Rue de Guebwiller 68000 COLMAR<\/p>\n<p>Tel :\u00a003 89 20 79 43<\/p>\n<p><a href=\"http:\/\/www.groupe-msa-alsace.fr\" target=\"_blank\"><b>www.groupe-msa-alsace.fr<\/b><\/a><\/p><\/blockquote>\n<p>&nbsp;<\/p>\n","protected":false},"excerpt":{"rendered":"<p>Le risque de d\u00e9velopper des pathologies pouvant engendrer des d\u00e9pendances augmente avec l\u2019\u00e2ge. Certaines affections peuvent \u00eatre pr\u00e9venues par des comportements favorables \u00e0 la pr\u00e9servation d\u2019une bonne sant\u00e9 : exercice physique, nutrition adapt\u00e9e, maintien du lien social&#8230; Ces th\u00e9matiques sp\u00e9cifiques sont abord\u00e9es dans le cadre d\u2019actions de pr\u00e9vention propos\u00e9s aux seniors. Les ateliers propos\u00e9s par [&hellip;]<\/p>\n","protected":false},"author":1,"featured_media":0,"parent":6,"menu_order":12,"comment_status":"open","ping_status":"closed","template":"","meta":{"_et_pb_use_builder":"","_et_pb_old_content":"","_et_gb_content_width":"","footnotes":""},"class_list":["post-35","page","type-page","status-publish","hentry"],"_links":{"self":[{"href":"https:\/\/www.proxi-sante.org\/molsheim\/wp-json\/wp\/v2\/pages\/35","targetHints":{"allow":["GET"]}}],"collection":[{"href":"https:\/\/www.proxi-sante.org\/molsheim\/wp-json\/wp\/v2\/pages"}],"about":[{"href":"https:\/\/www.proxi-sante.org\/molsheim\/wp-json\/wp\/v2\/types\/page"}],"author":[{"embeddable":true,"href":"https:\/\/www.proxi-sante.org\/molsheim\/wp-json\/wp\/v2\/users\/1"}],"replies":[{"embeddable":true,"href":"https:\/\/www.proxi-sante.org\/molsheim\/wp-json\/wp\/v2\/comments?post=35"}],"version-history":[{"count":0,"href":"https:\/\/www.proxi-sante.org\/molsheim\/wp-json\/wp\/v2\/pages\/35\/revisions"}],"up":[{"embeddable":true,"href":"https:\/\/www.proxi-sante.org\/molsheim\/wp-json\/wp\/v2\/pages\/6"}],"wp:attachment":[{"href":"https:\/\/www.proxi-sante.org\/molsheim\/wp-json\/wp\/v2\/media?parent=35"}],"curies":[{"name":"wp","href":"https:\/\/api.w.org\/{rel}","templated":true}]}}

risques liés à la dépendance

<h1><a href="https://www.proxi-sante.org/wass/wp-content/uploads/2010/11/ph1322-086net.jpg"><img loading="lazy" decoding="async" class="size-medium wp-image-273 alignright" style="margin-right: 20px;" title="ph1322-086net" src="https://www.proxi-sante.org/wass/wp-content/uploads/2010/11/ph1322-086net-199x300.jpg" alt="" width="159" height="240" /></a></h1>
<p>Le risque de développer des pathologies pouvant engendrer des dépendances augmente avec l’âge. Certaines affections peuvent être prévenues par des comportements favorables à la préservation d’une bonne santé : exercice physique, nutrition adaptée, maintien du lien social&#8230; Ces thématiques spécifiques sont abordées dans le cadre d’actions de prévention proposés aux seniors. Les ateliers proposés par l’association Atout Age Alsace répondent à cette problématique :</p>
<p>• Prévention à mettre en œuvre pour optimiser sa santé au quotidien et pour continuer à l’entretenir ;</p>
<p>• Atelier du Bien Vieillir : être acteur de sa santé au travers des ateliers du bien vieillir, sensibilisation à l’alimentation, le sommeil, les médicaments&#8230; ;</p>
<p>• Equilibre : prioritairement pour les personnes âgées fragiles qui ont des difficultés d’équilibre &#8211; prévention des chutes - travail de l’équilibre ;</p>
<p>• Activités physiques adaptées : prioritairement pour les personnes âgées de 60 à 75 ans (ou retraités actifs) qui souhaitent reprendre ou poursuivre une activité physique adaptée ;</p>
<p>• Atelier de sensibilisation à l’importance de la stimulation de la mémoire dans la vie quotidienne ;</p>
<p>• Les plaisirs de la table : promotion de comportements nutritionnels équilibrés ;</p>
<p>• Habitat et sécurité : prévenir les risques à domicile et d’aménagement du logement ;</p>
<p>• Favoriser l’accès aux nouvelles technologies pour préserver l’autonomie des seniors ;</p>
<p>• Bien passer le cap de la retraite ;</p>
<p>• Conduite et Sécurité&#8230;</p>
<blockquote><p>Il y a moyen d’organiser des formations, conférences près de chez vous !</p>
<p>Contact :  <strong>Association Atout Age Alsace</strong>  9 Rue de Guebwiller 68000 COLMAR</p>
<p>Tel : 03 89 20 79 43</p>
<p><a href="http://www.groupe-msa-alsace.fr" target="_blank"><b>www.groupe-msa-alsace.fr</b></a></p></blockquote>
<p>&nbsp;</p>

<p>Le risque de développer des pathologies pouvant engendrer des dépendances augmente avec l’âge. Certaines affections peuvent être prévenues par des comportements favorables à la préservation d’une bonne santé : exercice physique, nutrition adaptée, maintien du lien social&#8230; Ces thématiques spécifiques sont abordées dans le cadre d’actions de prévention proposés aux seniors. Les ateliers proposés par [&hellip;]</p>
