{"id":1035,"date":"2020-03-23T16:43:59","date_gmt":"2020-03-23T16:43:59","guid":{"rendered":"https:\/\/www.proxi-sante.org\/wass\/?page_id=1035"},"modified":"2024-03-29T15:22:49","modified_gmt":"2024-03-29T15:22:49","slug":"legales","status":"publish","type":"page","link":"https:\/\/www.proxi-sante.org\/wass\/legales\/","title":{"rendered":"L\u00e9gales"},"content":{"rendered":"<p>[et_pb_section fb_built=\u00a0\u00bb1&Prime; admin_label=\u00a0\u00bbsection\u00a0\u00bb _builder_version=\u00a0\u00bb4.16&Prime; global_colors_info=\u00a0\u00bb{}\u00a0\u00bb][et_pb_row admin_label=\u00a0\u00bbrow\u00a0\u00bb _builder_version=\u00a0\u00bb4.16&Prime; background_size=\u00a0\u00bbinitial\u00a0\u00bb background_position=\u00a0\u00bbtop_left\u00a0\u00bb background_repeat=\u00a0\u00bbrepeat\u00a0\u00bb global_colors_info=\u00a0\u00bb{}\u00a0\u00bb][et_pb_column type=\u00a0\u00bb4_4&Prime; _builder_version=\u00a0\u00bb4.16&Prime; custom_padding=\u00a0\u00bb|||\u00a0\u00bb global_colors_info=\u00a0\u00bb{}\u00a0\u00bb custom_padding__hover=\u00a0\u00bb|||\u00a0\u00bb][et_pb_text admin_label=\u00a0\u00bbText\u00a0\u00bb _builder_version=\u00a0\u00bb4.24.2&Prime; background_size=\u00a0\u00bbinitial\u00a0\u00bb background_position=\u00a0\u00bbtop_left\u00a0\u00bb background_repeat=\u00a0\u00bbrepeat\u00a0\u00bb global_colors_info=\u00a0\u00bb{}\u00a0\u00bb]<\/p>\n<h1 class=\"entry-title main_title\">Mentions l\u00e9gales<\/h1>\n<div class=\"entry-content\">\n<p><strong>Informations \u00e9diteur<\/strong><\/p>\n<p>Le site www.proxi-sant\u00e9.org est \u00e9dit\u00e9 par l\u2019agence Com dit !<\/p>\n<p>6 rue du Bubenstein\u00a0 67310 Wasselonne<\/p>\n<p>Directeur de la publication : Jean-Claude Hatterer, Directeur<\/p>\n<p>Conception et r\u00e9alisation : Jean-Claude HATTERER<\/p>\n<p>Agence Bleu comm\u2026<\/p>\n<p>Ce site est h\u00e9berg\u00e9 par\u00a0NUXIT<\/p>\n<p>&nbsp;<\/p>\n<p><strong>Droit d\u2019auteur et reprise du contenu mis en ligne<\/strong><\/p>\n<p>L\u2019ensemble de ce site Internet rel\u00e8ve de la l\u00e9gislation fran\u00e7aise et internationale sur le droit d\u2019auteur et la propri\u00e9t\u00e9 intellectuelle. Tous les droits de reproduction sont r\u00e9serv\u00e9s, y compris les documents t\u00e9l\u00e9chargeables et les repr\u00e9sentations iconographiques et photographiques. La reproduction de tout ou partie de ce site Internet sur un support quel qu\u2019il soit, est formellement interdite sauf autorisation expresse de l\u2019agence Com dit !<\/p>\n<p>Les pages du site www.proxi-sant\u00e9.org ne doivent pas \u00eatre imbriqu\u00e9es \u00e0 l\u2019int\u00e9rieur des pages d\u2019un autre site.<\/p>\n<p>En outre, les informations utilis\u00e9es ne doivent l\u2019\u00eatre qu\u2019\u00e0 des fins personnelles, associatives ou professionnelles, toute diffusion ou utilisation \u00e0 des fins commerciales ou publicitaires \u00e9tant exclues.<\/p>\n<p>Le site www.proxi-sant\u00e9.org propose des liens vers d\u2019autres sites. Le contenu de ces pages n\u2019\u00e9mane pas et n\u2019est pas ma\u00eetris\u00e9 par les responsables de la r\u00e9daction et de la publication du site www.proxi-sant\u00e9.org. Ils ne peuvent en cons\u00e9quence, pas en \u00eatre tenus responsables.<\/p>\n<p>&nbsp;<\/p>\n<p><strong>Traitement des donn\u00e9es personnelles<\/strong><\/p>\n<p>Les informations que nous sommes amen\u00e9s \u00e0 recueillir proviennent :<\/p>\n<p>\u2013 soit de la communication volontaire d\u2019une adresse de courrier \u00e9lectronique lors d?une inscription \u00e0 une liste de diffusion. Dans ce cas, vos coordonn\u00e9es dont uniquement utilis\u00e9es pour vous envoyer des informations relatives \u00e0 la liste de diffusion \u00e0 laquelle vous vous \u00eates inscrit.<\/p>\n<p>\u2013 soit, vous avez adress\u00e9 un courrier \u00e9lectronique \u00e0 l\u2019agence Com dit !<\/p>\n<p>Dans ce cas, votre adresse mail ne nous servira qu\u2019\u00e0 vous acheminer la r\u00e9ponse.<\/p>\n<p>Dans tous les cas, les informations que vous nous communiquez ne sont jamais confi\u00e9es \u00e0 des tiers.<\/p>\n<p>&nbsp;<\/p>\n<p>En application de l\u2019article 27 de la loi Informatique et Libert\u00e9s en date du 6 janvier 1978, vous disposez d\u2019un droit d\u2019acc\u00e8s, de rectification, de modification et de suppression concernant les donn\u00e9es qui vous concernent. Vous pouvez exercer ce droit en envoyant un courrier \u00e0 l\u2019adresse suivante :<\/p>\n<p>Agence\u00a0Com dit !\u2026<\/p>\n<p>6 rue du Bubenstein \u2013\u00a0F 67310 Waseelonne<\/p>\n<p>ou par mail \u00e0 agence@com-dit.fr<\/p>\n<p>&nbsp;<\/p>\n<p><strong>Cr\u00e9dits photographiques<\/strong><\/p>\n<p>Les photos pr\u00e9sentes sur ce site proviennent de :<\/p>\n<p>\u2022\u00a0Jean-Claude Hatterer<\/p>\n<p>\u2022\u00a0Phovoir-images.com<\/p>\n<p>Leur reproduction en tout ou partie sur un support quel qu\u2019il soit, est formellement interdite.<\/p>\n<\/div>\n<p>[\/et_pb_text][\/et_pb_column][\/et_pb_row][\/et_pb_section]<\/p>\n","protected":false},"excerpt":{"rendered":"<p>Mentions l\u00e9gales Informations \u00e9diteur Le site www.proxi-sant\u00e9.org est \u00e9dit\u00e9 par l\u2019agence Com dit ! 6 rue du Bubenstein\u00a0 67310 Wasselonne Directeur de la publication : Jean-Claude Hatterer, Directeur Conception et r\u00e9alisation : Jean-Claude HATTERER Agence Bleu comm\u2026 Ce site est h\u00e9berg\u00e9 par\u00a0NUXIT &nbsp; Droit d\u2019auteur et reprise du contenu mis en ligne L\u2019ensemble de ce [&hellip;]<\/p>\n","protected":false},"author":2,"featured_media":0,"parent":0,"menu_order":0,"comment_status":"closed","ping_status":"closed","template":"","meta":{"_et_pb_use_builder":"on","_et_pb_old_content":"<h1 class=\"entry-title main_title\">Mentions l\u00e9gales<\/h1>\r\n<div class=\"entry-content\">\r\n\r\n<strong>Informations \u00e9diteur<\/strong>\r\n\r\nLe site www.proxi-sant\u00e9.org est \u00e9dit\u00e9 par l\u2019agence bleu comm\u2026\r\n\r\n6 rue du Bubenstein\u00a0 67310 Wasselonne\r\n\r\nDirecteur de la publication : Jean-Claude Hatterer, Directeur\r\n\r\nConception et r\u00e9alisation : Jean-Claude HATTERER\r\n\r\nAgence Bleu comm\u2026\r\n\r\nCe site est h\u00e9berg\u00e9 par\u00a0NUXIT\r\n\r\n\u00a0\r\n\r\n<strong>Droit d\u2019auteur et reprise du contenu mis en ligne<\/strong>\r\n\r\nL\u2019ensemble de ce site Internet rel\u00e8ve de la l\u00e9gislation fran\u00e7aise et internationale sur le droit d\u2019auteur et la propri\u00e9t\u00e9 intellectuelle. Tous les droits de reproduction sont r\u00e9serv\u00e9s, y compris les documents t\u00e9l\u00e9chargeables et les repr\u00e9sentations iconographiques et photographiques. La reproduction de tout ou partie de ce site Internet sur un support quel qu\u2019il soit, est formellement interdite sauf autorisation expresse de bleu comm\u2026\r\n\r\nLes pages du site www.proxi-sant\u00e9.org ne doivent pas \u00eatre imbriqu\u00e9es \u00e0 l\u2019int\u00e9rieur des pages d\u2019un autre site.\r\n\r\nEn outre, les informations utilis\u00e9es ne doivent l\u2019\u00eatre qu\u2019\u00e0 des fins personnelles, associatives ou professionnelles, toute diffusion ou utilisation \u00e0 des fins commerciales ou publicitaires \u00e9tant exclues.\r\n\r\nLe site www.proxi-sant\u00e9.org propose des liens vers d\u2019autres sites. Le contenu de ces pages n\u2019\u00e9mane pas et n\u2019est pas ma\u00eetris\u00e9 par les responsables de la r\u00e9daction et de la publication du site www.proxi-sant\u00e9.org. Ils ne peuvent en cons\u00e9quence, pas en \u00eatre tenus responsables.\r\n\r\n\u00a0\r\n\r\n<strong>Traitement des donn\u00e9es personnelles<\/strong>\r\n\r\nLes informations que nous sommes amen\u00e9s \u00e0 recueillir proviennent :\r\n\r\n\u2013 soit de la communication volontaire d\u2019une adresse de courrier \u00e9lectronique lors d?une inscription \u00e0 une liste de diffusion. Dans ce cas, vos coordonn\u00e9es dont uniquement utilis\u00e9es pour vous envoyer des informations relatives \u00e0 la liste de diffusion \u00e0 laquelle vous vous \u00eates inscrit.\r\n\r\n\u2013 soit, vous avez adress\u00e9 un courrier \u00e9lectronique \u00e0 bleu comm\u2026\r\n\r\nDans ce cas, votre adresse mail ne nous servira qu\u2019\u00e0 vous acheminer la r\u00e9ponse.\r\n\r\nDans tous les cas, les informations que vous nous communiquez ne sont jamais confi\u00e9es \u00e0 des tiers.\r\n\r\n\u00a0\r\n\r\nEn application de l\u2019article 27 de la loi Informatique et Libert\u00e9s en date du 6 janvier 1978, vous disposez d\u2019un droit d\u2019acc\u00e8s, de rectification, de modification et de suppression concernant les donn\u00e9es qui vous concernent. Vous pouvez exercer ce droit en envoyant un courrier \u00e0 l\u2019adresse suivante :\r\n\r\nAgence bleu comm\u2026\r\n\r\n6 rue du Bubenstein \u2013\u00a0F 67310 Waseelonne\r\n\r\nou par mail \u00e0 agence@bleucomm.fr\r\n\r\n\u00a0\r\n\r\n<strong>Cr\u00e9dits photographiques<\/strong>\r\n\r\nLes photos pr\u00e9sentes sur ce site proviennent de :\r\n\r\n\u2022\u00a0Jean-Claude Hatterer\r\n\r\n\u2022\u00a0Phovoir-images.com\r\n\r\nLeur reproduction en tout ou partie sur un support quel qu\u2019il soit, est formellement interdite.\r\n\r\n<\/div>","_et_gb_content_width":"","footnotes":""},"class_list":["post-1035","page","type-page","status-publish","hentry"],"aioseo_notices":[],"_links":{"self":[{"href":"https:\/\/www.proxi-sante.org\/wass\/wp-json\/wp\/v2\/pages\/1035","targetHints":{"allow":["GET"]}}],"collection":[{"href":"https:\/\/www.proxi-sante.org\/wass\/wp-json\/wp\/v2\/pages"}],"about":[{"href":"https:\/\/www.proxi-sante.org\/wass\/wp-json\/wp\/v2\/types\/page"}],"author":[{"embeddable":true,"href":"https:\/\/www.proxi-sante.org\/wass\/wp-json\/wp\/v2\/users\/2"}],"replies":[{"embeddable":true,"href":"https:\/\/www.proxi-sante.org\/wass\/wp-json\/wp\/v2\/comments?post=1035"}],"version-history":[{"count":0,"href":"https:\/\/www.proxi-sante.org\/wass\/wp-json\/wp\/v2\/pages\/1035\/revisions"}],"wp:attachment":[{"href":"https:\/\/www.proxi-sante.org\/wass\/wp-json\/wp\/v2\/media?parent=1035"}],"curies":[{"name":"wp","href":"https:\/\/api.w.org\/{rel}","templated":true}]}}

Légales

<p>[et_pb_section fb_built= »1&Prime; admin_label= »section » _builder_version= »4.16&Prime; global_colors_info= »{} »][et_pb_row admin_label= »row » _builder_version= »4.16&Prime; background_size= »initial » background_position= »top_left » background_repeat= »repeat » global_colors_info= »{} »][et_pb_column type= »4_4&Prime; _builder_version= »4.16&Prime; custom_padding= »||| » global_colors_info= »{} » custom_padding__hover= »||| »][et_pb_text admin_label= »Text » _builder_version= »4.24.2&Prime; background_size= »initial » background_position= »top_left » background_repeat= »repeat » global_colors_info= »{} »]</p>
<h1 class="entry-title main_title">Mentions légales</h1>
<div class="entry-content">
<p><strong>Informations éditeur</strong></p>
<p>Le site www.proxi-santé.org est édité par l’agence Com dit !</p>
<p>6 rue du Bubenstein  67310 Wasselonne</p>
<p>Directeur de la publication : Jean-Claude Hatterer, Directeur</p>
<p>Conception et réalisation : Jean-Claude HATTERER</p>
<p>Agence Bleu comm…</p>
<p>Ce site est hébergé par NUXIT</p>
<p>&nbsp;</p>
<p><strong>Droit d’auteur et reprise du contenu mis en ligne</strong></p>
<p>L’ensemble de ce site Internet relève de la législation française et internationale sur le droit d’auteur et la propriété intellectuelle. Tous les droits de reproduction sont réservés, y compris les documents téléchargeables et les représentations iconographiques et photographiques. La reproduction de tout ou partie de ce site Internet sur un support quel qu’il soit, est formellement interdite sauf autorisation expresse de l’agence Com dit !</p>
<p>Les pages du site www.proxi-santé.org ne doivent pas être imbriquées à l’intérieur des pages d’un autre site.</p>
<p>En outre, les informations utilisées ne doivent l’être qu’à des fins personnelles, associatives ou professionnelles, toute diffusion ou utilisation à des fins commerciales ou publicitaires étant exclues.</p>
<p>Le site www.proxi-santé.org propose des liens vers d’autres sites. Le contenu de ces pages n’émane pas et n’est pas maîtrisé par les responsables de la rédaction et de la publication du site www.proxi-santé.org. Ils ne peuvent en conséquence, pas en être tenus responsables.</p>
<p>&nbsp;</p>
<p><strong>Traitement des données personnelles</strong></p>
<p>Les informations que nous sommes amenés à recueillir proviennent :</p>
<p>– soit de la communication volontaire d’une adresse de courrier électronique lors d?une inscription à une liste de diffusion. Dans ce cas, vos coordonnées dont uniquement utilisées pour vous envoyer des informations relatives à la liste de diffusion à laquelle vous vous êtes inscrit.</p>
<p>– soit, vous avez adressé un courrier électronique à l’agence Com dit !</p>
<p>Dans ce cas, votre adresse mail ne nous servira qu’à vous acheminer la réponse.</p>
<p>Dans tous les cas, les informations que vous nous communiquez ne sont jamais confiées à des tiers.</p>
<p>&nbsp;</p>
<p>En application de l’article 27 de la loi Informatique et Libertés en date du 6 janvier 1978, vous disposez d’un droit d’accès, de rectification, de modification et de suppression concernant les données qui vous concernent. Vous pouvez exercer ce droit en envoyant un courrier à l’adresse suivante :</p>
<p>Agence Com dit !…</p>
<p>6 rue du Bubenstein – F 67310 Waseelonne</p>
<p>ou par mail à agence@com-dit.fr</p>
<p>&nbsp;</p>
<p><strong>Crédits photographiques</strong></p>
<p>Les photos présentes sur ce site proviennent de :</p>
<p>• Jean-Claude Hatterer</p>
<p>• Phovoir-images.com</p>
<p>Leur reproduction en tout ou partie sur un support quel qu’il soit, est formellement interdite.</p>
</div>
<p>[/et_pb_text][/et_pb_column][/et_pb_row][/et_pb_section]</p>

<p>Mentions légales Informations éditeur Le site www.proxi-santé.org est édité par l’agence Com dit ! 6 rue du Bubenstein  67310 Wasselonne Directeur de la publication : Jean-Claude Hatterer, Directeur Conception et réalisation : Jean-Claude HATTERER Agence Bleu comm… Ce site est hébergé par NUXIT &nbsp; Droit d’auteur et reprise du contenu mis en ligne L’ensemble de ce [&hellip;]</p>

<h1 class="entry-title main_title">Mentions légales</h1>
<div class="entry-content">

<strong>Informations éditeur</strong>

Le site www.proxi-santé.org est édité par l’agence bleu comm…

6 rue du Bubenstein  67310 Wasselonne

Directeur de la publication : Jean-Claude Hatterer, Directeur

Conception et réalisation : Jean-Claude HATTERER

Agence Bleu comm…

Ce site est hébergé par NUXIT

 

<strong>Droit d’auteur et reprise du contenu mis en ligne</strong>

L’ensemble de ce site Internet relève de la législation française et internationale sur le droit d’auteur et la propriété intellectuelle. Tous les droits de reproduction sont réservés, y compris les documents téléchargeables et les représentations iconographiques et photographiques. La reproduction de tout ou partie de ce site Internet sur un support quel qu’il soit, est formellement interdite sauf autorisation expresse de bleu comm…

Les pages du site www.proxi-santé.org ne doivent pas être imbriquées à l’intérieur des pages d’un autre site.

En outre, les informations utilisées ne doivent l’être qu’à des fins personnelles, associatives ou professionnelles, toute diffusion ou utilisation à des fins commerciales ou publicitaires étant exclues.

Le site www.proxi-santé.org propose des liens vers d’autres sites. Le contenu de ces pages n’émane pas et n’est pas maîtrisé par les responsables de la rédaction et de la publication du site www.proxi-santé.org. Ils ne peuvent en conséquence, pas en être tenus responsables.

 

<strong>Traitement des données personnelles</strong>

Les informations que nous sommes amenés à recueillir proviennent :

– soit de la communication volontaire d’une adresse de courrier électronique lors d?une inscription à une liste de diffusion. Dans ce cas, vos coordonnées dont uniquement utilisées pour vous envoyer des informations relatives à la liste de diffusion à laquelle vous vous êtes inscrit.

– soit, vous avez adressé un courrier électronique à bleu comm…

Dans ce cas, votre adresse mail ne nous servira qu’à vous acheminer la réponse.

Dans tous les cas, les informations que vous nous communiquez ne sont jamais confiées à des tiers.

 

En application de l’article 27 de la loi Informatique et Libertés en date du 6 janvier 1978, vous disposez d’un droit d’accès, de rectification, de modification et de suppression concernant les données qui vous concernent. Vous pouvez exercer ce droit en envoyant un courrier à l’adresse suivante :

Agence bleu comm…

6 rue du Bubenstein – F 67310 Waseelonne

ou par mail à agence@bleucomm.fr

 

<strong>Crédits photographiques</strong>

Les photos présentes sur ce site proviennent de :

• Jean-Claude Hatterer

• Phovoir-images.com

Leur reproduction en tout ou partie sur un support quel qu’il soit, est formellement interdite.

</div>
