{"id":374,"date":"2011-02-08T16:40:00","date_gmt":"2011-02-08T16:40:00","guid":{"rendered":"https:\/\/www.proxi-sante.org\/wass\/"},"modified":"2023-10-05T06:10:32","modified_gmt":"2023-10-05T06:10:32","slug":"accueil-ecoute-jeunes","status":"publish","type":"page","link":"https:\/\/www.proxi-sante.org\/wass\/aides-protection\/accueil-ecoute-jeunes\/","title":{"rendered":"Point d&rsquo;accueil et d&rsquo;\u00e9coute jeunes"},"content":{"rendered":"<p>[et_pb_section fb_built=\u00a0\u00bb1&Prime; admin_label=\u00a0\u00bbsection\u00a0\u00bb _builder_version=\u00a0\u00bb4.16&Prime; global_colors_info=\u00a0\u00bb{}\u00a0\u00bb][et_pb_row admin_label=\u00a0\u00bbrow\u00a0\u00bb _builder_version=\u00a0\u00bb4.16&Prime; background_size=\u00a0\u00bbinitial\u00a0\u00bb background_position=\u00a0\u00bbtop_left\u00a0\u00bb background_repeat=\u00a0\u00bbrepeat\u00a0\u00bb global_colors_info=\u00a0\u00bb{}\u00a0\u00bb][et_pb_column type=\u00a0\u00bb4_4&Prime; _builder_version=\u00a0\u00bb4.16&Prime; custom_padding=\u00a0\u00bb|||\u00a0\u00bb global_colors_info=\u00a0\u00bb{}\u00a0\u00bb custom_padding__hover=\u00a0\u00bb|||\u00a0\u00bb][et_pb_text admin_label=\u00a0\u00bbText\u00a0\u00bb _builder_version=\u00a0\u00bb4.22.2&Prime; background_size=\u00a0\u00bbinitial\u00a0\u00bb background_position=\u00a0\u00bbtop_left\u00a0\u00bb background_repeat=\u00a0\u00bbrepeat\u00a0\u00bb hover_enabled=\u00a0\u00bb0&Prime; global_colors_info=\u00a0\u00bb{}\u00a0\u00bb sticky_enabled=\u00a0\u00bb0&Prime;]<\/p>\n<h3>PAEJ<\/h3>\n<p><b>Le PAEJ ou Point d\u2019Accueil &amp;<span class=\"Apple-converted-space\">\u00a0 <\/span>d\u2019Ecoute Jeunes<\/b><\/p>\n<p>C\u2019est un espace convivial chaleureux et de proximit\u00e9. Il est g\u00e9r\u00e9 par l\u2019ALT : Association de lutte contre la toxicomanie. L\u2019adolescent ou au jeune adulte va pouvoir poser la question qui le pr\u00e9occupe.<span class=\"Apple-converted-space\">\u00a0<\/span>Le malaise adolescent peut se manifester sous diff\u00e9rentes formes telles qu\u2019id\u00e9es noires, difficult\u00e9s relationnelles, situation familiale conflictuelle, sentiment de mal-\u00eatre, d\u00e9pendance ou conduite \u00e0 risque.<span class=\"Apple-converted-space\">\u00a0 <\/span>Le PAEJ apporte une r\u00e9ponse en terme d\u2019\u00e9coute, de soutien, d\u2019information, si n\u00e9cessaire d\u2019orientation ou d\u2019accompagnement vers des lieux de soins existants pour une prise en charge adapt\u00e9e. Son fonctionnement repose sur la libre adh\u00e9sion des jeunes et la confidentialit\u00e9 de sa d\u00e9marche. Il ne n\u00e9cessite pas de formalit\u00e9 administrative. Ce service est gratuit et anim\u00e9 par une psychologue. Les parents peuvent aussi \u00eatres accueillis.<\/p>\n<blockquote>\n<p><b>A Marlenheim,<\/b> permanence <br \/>au <b>coll\u00e8ge Gr\u00e9goire de Tours <br \/><\/b>2 rue du Coll\u00e8ge &#8211; 67520 Marlenheim<br \/>jeudi de 8h30 \u00e0 12h30<span class=\"Apple-converted-space\">\u00a0<br \/><\/span>03 88 87 55 20 standard<br \/><b><span class=\"Apple-converted-space\">&gt; \u00a0<\/span>puis demander la vie scolaire<\/b><\/p>\n<\/blockquote>\n<p>&nbsp;<\/p>\n<blockquote>\n<p><b>A Wasselonne <\/b>permanence <br \/>au <b>coll\u00e8ge Marcel Pagnol<br \/><\/b>route de Romanswiller &#8211; 67310 Wasselonne<br \/>vendredi de 9h \u00e0 13h<span class=\"Apple-converted-space\">\u00a0<br \/><\/span>03 88 87 02 02 standard<br \/><b><span class=\"Apple-converted-space\">&gt; \u00a0<\/span>puis demander la vie scolaire<\/b><\/p>\n<\/blockquote>\n<p>&nbsp;<\/p>\n<blockquote>\n<p><span class=\"Apple-converted-space\">P<\/span>ermanence \u00e0 la <b>Communaut\u00e9 de Communes de la Mossig et du Vignoble<\/b>,<span class=\"Apple-converted-space\">\u00a0<br \/><\/span>33 rue des Pins &#8211; 67310 Wasselonne<br \/>vendredi de 8h \u00e0 9h durant le temps scolaire<br \/>vendredi de 8h \u00e0 13h durant les cong\u00e9s scolaire<br \/>T\u00e9l\u00e9phoner pour rendre rendez-vous avant de venir : <span class=\"Apple-converted-space\">\u00a0<br \/><\/span>Mme Juliette Kauffmann<span class=\"Apple-converted-space\">\u00a0 <\/span>b\u200a07 82 97 37 50<b> <span class=\"Apple-converted-space\">\u00a0 \u00a0 <\/span>j.kauffmann@alt-67.org<br \/><\/b><b>ou www.alt-67.org<\/b><\/p>\n<\/blockquote>\n<p>[\/et_pb_text][\/et_pb_column][\/et_pb_row][\/et_pb_section]<\/p>\n","protected":false},"excerpt":{"rendered":"<p>PAEJ Le PAEJ ou Point d\u2019Accueil &amp;\u00a0 d\u2019Ecoute Jeunes C\u2019est un espace convivial chaleureux et de proximit\u00e9. Il est g\u00e9r\u00e9 par l\u2019ALT : Association de lutte contre la toxicomanie. L\u2019adolescent ou au jeune adulte va pouvoir poser la question qui le pr\u00e9occupe.\u00a0Le malaise adolescent peut se manifester sous diff\u00e9rentes formes telles qu\u2019id\u00e9es noires, difficult\u00e9s relationnelles, [&hellip;]<\/p>\n","protected":false},"author":2,"featured_media":0,"parent":19,"menu_order":54,"comment_status":"open","ping_status":"closed","template":"","meta":{"_et_pb_use_builder":"on","_et_pb_old_content":"<h3>PAEJ<\/h3>\r\nLe Point d\u2019Accueil & d\u2019Ecoute Jeunes est un espace convivial chaleureux et de proximit\u00e9. Il est g\u00e9r\u00e9 par l\u2019ALT : Association de lutte contre la toxicomanie. L\u2019adolescent ou le jeune adulte va pouvoir poser la question qui le pr\u00e9occupe. Le malaise de l\u2019adolescent peut se manifester sous diff\u00e9rentes formes telles que difficult\u00e9s relationnelles, situation familiale conflictuelle, sentiment de mal-\u00eatre, d\u00e9pendance ou conduite \u00e0 risque.\r\n\r\nLe PAEJ apporte une r\u00e9ponse en terme d\u2019\u00e9coute, de soutien, d\u2019information, si n\u00e9cessaire d\u2019orientation ou d\u2019accompagnement vers des lieux de soins existants pour une prise en charge adapt\u00e9e. Son fonctionnement repose sur la libre adh\u00e9sion des jeunes et la confidentialit\u00e9 de sa d\u00e9marche. Il ne n\u00e9cessite pas de formalit\u00e9 administrative. Ce service est gratuit et anim\u00e9 par une psychologue. Les parents peuvent aussi \u00eatres accueillis.\r\n<blockquote>\u27a5 A Wasselonne, permanence\r\nLes vendredis matin de 9h \u00e0 13h en mairie ou au Coll\u00e8ge (sauf. cong\u00e9s scolaires) T\u00e9l\u00e9phoner pour rendre rendez-vous avant de venir :\r\nMme Falco-Gerber \u2706 06 08 57 47 13<\/blockquote>","_et_gb_content_width":"","footnotes":""},"class_list":["post-374","page","type-page","status-publish","hentry"],"aioseo_notices":[],"_links":{"self":[{"href":"https:\/\/www.proxi-sante.org\/wass\/wp-json\/wp\/v2\/pages\/374","targetHints":{"allow":["GET"]}}],"collection":[{"href":"https:\/\/www.proxi-sante.org\/wass\/wp-json\/wp\/v2\/pages"}],"about":[{"href":"https:\/\/www.proxi-sante.org\/wass\/wp-json\/wp\/v2\/types\/page"}],"author":[{"embeddable":true,"href":"https:\/\/www.proxi-sante.org\/wass\/wp-json\/wp\/v2\/users\/2"}],"replies":[{"embeddable":true,"href":"https:\/\/www.proxi-sante.org\/wass\/wp-json\/wp\/v2\/comments?post=374"}],"version-history":[{"count":0,"href":"https:\/\/www.proxi-sante.org\/wass\/wp-json\/wp\/v2\/pages\/374\/revisions"}],"up":[{"embeddable":true,"href":"https:\/\/www.proxi-sante.org\/wass\/wp-json\/wp\/v2\/pages\/19"}],"wp:attachment":[{"href":"https:\/\/www.proxi-sante.org\/wass\/wp-json\/wp\/v2\/media?parent=374"}],"curies":[{"name":"wp","href":"https:\/\/api.w.org\/{rel}","templated":true}]}}